{"id":1264,"date":"2009-04-16T16:23:12","date_gmt":"2009-04-16T14:23:12","guid":{"rendered":"http:\/\/www.new-york-weblog.de\/?page_id=1264"},"modified":"2009-04-29T14:49:52","modified_gmt":"2009-04-29T12:49:52","slug":"central-park","status":"publish","type":"page","link":"http:\/\/www.new-york-weblog.de\/index.php\/new-york-von-a-bis-z\/central-park\/","title":{"rendered":"Central Park"},"content":{"rendered":"<p>Der Central Park wird h\u00e4ufig auch als \u201egr\u00fcne Lunge\u201c New Yorks bezeichnet und ist Anziehungspunkt f\u00fcr alle erholungssuchenden Einwohner und Besucher New Yorks.<\/p>\n<p>\t<div class=\"ngg-gallery-singlepic-image ngg-right\" style=\"max-width: 138px\">\n\t\t\t\t<a href=\"http:\/\/www.new-york-weblog.de\/wp-content\/gallery\/central-park\/P1030212.jpg\"\n\t\t\ttitle=\"\"\n\t\t\tdata-src=\"http:\/\/www.new-york-weblog.de\/wp-content\/gallery\/central-park\/P1030212.jpg\"\n\t\t\tdata-thumbnail=\"http:\/\/www.new-york-weblog.de\/wp-content\/gallery\/central-park\/thumbs\/thumbs_P1030212.jpg\"\n\t\t\tdata-image-id=\"455\"\n\t\t\tdata-title=\"P1030212.jpg\"\n\t\t\tdata-description=\"\"\n\t\t\ttarget='_self'\n\t\t\tclass=\"shutterset_5f5d24bdb3b668a323c743d0519bf65e\">\n\t\t\t<img class=\"ngg-singlepic\"\n\t\t\t\tsrc=\"http:\/\/www.new-york-weblog.de\/wp-content\/gallery\/central-park\/cache\/P1030212.jpg-nggid03455-ngg0dyn-180x106x100-00f0w010c010r110f110r010t010.jpg\"\n\t\t\t\talt=\"P1030212.jpg\"\n\t\t\t\ttitle=\"P1030212.jpg\"\n\t\t\t\t\t\t\t\t\twidth=\"138\" \t\t\t\t\t\t\t\/>\n\t\t<\/a>\n\t\t\t<\/div>\n\t\tUm das Jahr 1850 herum entstand in New York eine Diskussion um den Aufbau eines Naherholungsgebietes, vergleichbar mit den \u00f6ffentlichen Gel\u00e4nden der europ\u00e4ischen Metropolen Paris und Londons. Damit sollte der internationale Ruf New Yorks gest\u00e4rkt und den Einwohnern eine M\u00f6glichkeit zum Radfahren, Spazierengehen und Picknicken geboten werden. 1853 bekam man die Genehmigung ca. 3 Quadratkilometer Land in der Mitte Manhattans f\u00fcr dieses Vorhaben zu verwenden. Da dieses Gebiet gr\u00f6\u00dftenteils aus S\u00fcmpfen und felsigem Untergrund bestand, gab es auch kein besonderes Interesse dieses irgendwie privat zu nutzen.<br \/>\nUm das Vorhaben zu verwirklichen, mussten allerdings ca. 1600 gr\u00f6\u00dftenteils \u00e4rmere Einwohner umgesiedelt werden. 1863 wurde das Gebiet des Central Parks noch einmal erweitert, so das es bis heute etwa 3,4 Quadratkilometer Landfl\u00e4che umfasst.<br \/>\nNach einigen Diskussionen wer denn die Verwaltung des Parks \u00fcbernehmen soll, wurde schlie\u00dflich die Central Park Commission gegr\u00fcndet, die 1857 einen Wettbewerb zur Gestaltung des neuen Parks ins Leben rief. Frederick Law Olmsted und Calvert Vaux konnten diesen, mit ihrem \u201eGreensward Plan\u201c genannten Entwurf, f\u00fcr sich entscheiden. Die Pl\u00e4ne sahen vor das Gel\u00e4nde in eine nat\u00fcrliche Landschaft mit H\u00fcgeln, Seen, Wiesen und Felsen zu verwandeln. Es sollte ein Erholungsgebiet entstehen, das den New Yorker B\u00fcrgern Orte zur Entspannung, Spielpl\u00e4tze und Sportm\u00f6glichkeiten bieten sollte. Um diesen Eindruck nicht zu st\u00f6ren, sollten die Verbindungsstra\u00dfen gegen\u00fcber dem \u00fcbrigen Terrain abgesenkt verlaufen.<br \/>\n\t<div class=\"ngg-gallery-singlepic-image ngg-left\" style=\"max-width: 138px\">\n\t\t\t\t<a href=\"http:\/\/www.new-york-weblog.de\/wp-content\/gallery\/central-park\/P1030218.jpg\"\n\t\t\ttitle=\"\"\n\t\t\tdata-src=\"http:\/\/www.new-york-weblog.de\/wp-content\/gallery\/central-park\/P1030218.jpg\"\n\t\t\tdata-thumbnail=\"http:\/\/www.new-york-weblog.de\/wp-content\/gallery\/central-park\/thumbs\/thumbs_P1030218.jpg\"\n\t\t\tdata-image-id=\"456\"\n\t\t\tdata-title=\"P1030218.jpg\"\n\t\t\tdata-description=\"\"\n\t\t\ttarget='_self'\n\t\t\tclass=\"shutterset_29496c2b42cbd62e7292132efe69762d\">\n\t\t\t<img class=\"ngg-singlepic\"\n\t\t\t\tsrc=\"http:\/\/www.new-york-weblog.de\/wp-content\/gallery\/central-park\/cache\/P1030218.jpg-nggid03456-ngg0dyn-180x106x100-00f0w010c010r110f110r010t010.jpg\"\n\t\t\t\talt=\"P1030218.jpg\"\n\t\t\t\ttitle=\"P1030218.jpg\"\n\t\t\t\t\t\t\t\t\twidth=\"138\" \t\t\t\t\t\t\t\/>\n\t\t<\/a>\n\t\t\t<\/div>\n\t\tIm Jahr darauf begannen die umfangreichen Bauarbeiten, welche von \u00fcber 20.000 Arbeitern durchgef\u00fchrt wurden. Es wurden zahlreiche Felsen gesprengt, S\u00fcmpfe trocken gelegt und \u00fcber 270.000 B\u00e4ume und Str\u00e4ucher gepflanzt, ehe der Central Park im Winter 1859 erstmals die Pforten \u00f6ffnen konnte, auch wenn bis dahin noch lange nicht alle Arbeiten abgeschlossen waren.<br \/>\nIn den Anfangszeiten gab es strenge Benutzungsregeln f\u00fcr den Park, die besonders f\u00fcr die wohlhabende Bev\u00f6lkerung Vorteile schafften. Nachdem einige Jahre sp\u00e4ter die Verwaltung des Parks in die H\u00e4nde der Stadt \u00fcbergegangen war, wurden die Regeln etwas gelockert, so dass auch die \u00e4rmere Bev\u00f6lkerung sich an dem Park erfreuen konnte.<br \/>\n\t<div class=\"ngg-gallery-singlepic-image ngg-right\" style=\"max-width: 138px\">\n\t\t\t\t<a href=\"http:\/\/www.new-york-weblog.de\/wp-content\/gallery\/central-park\/P1030291.jpg\"\n\t\t\ttitle=\"\"\n\t\t\tdata-src=\"http:\/\/www.new-york-weblog.de\/wp-content\/gallery\/central-park\/P1030291.jpg\"\n\t\t\tdata-thumbnail=\"http:\/\/www.new-york-weblog.de\/wp-content\/gallery\/central-park\/thumbs\/thumbs_P1030291.jpg\"\n\t\t\tdata-image-id=\"458\"\n\t\t\tdata-title=\"P1030291.jpg\"\n\t\t\tdata-description=\"\"\n\t\t\ttarget='_self'\n\t\t\tclass=\"shutterset_ee5b0d7107316f42ecd245e9f7ba0a98\">\n\t\t\t<img class=\"ngg-singlepic\"\n\t\t\t\tsrc=\"http:\/\/www.new-york-weblog.de\/wp-content\/gallery\/central-park\/cache\/P1030291.jpg-nggid03458-ngg0dyn-180x106x100-00f0w010c010r110f110r010t010.jpg\"\n\t\t\t\talt=\"P1030291.jpg\"\n\t\t\t\ttitle=\"P1030291.jpg\"\n\t\t\t\t\t\t\t\t\twidth=\"138\" \t\t\t\t\t\t\t\/>\n\t\t<\/a>\n\t\t\t<\/div>\n\t\tAnfang des 20. Jahrhunderts wurden zahlreiche Stimmen laut, die Ver\u00e4nderungen am Aussehen des Parks forderten. So gab es zum Beispiel Pl\u00e4ne zum Bau diverser Sport- und Kulturst\u00e4tten, von denen letzten Endes jedoch fast keine verwirklicht wurden. In den folgenden Jahrzehnten wurden vereinzelt \u00c4nderungen am Central Park vorgenommen. Es entstanden neue Spielpl\u00e4tze und Sportfelder, sowie verschiedene kleinere H\u00e4user. Bis heute gibt es allerdings immer wieder neue Ideen und Vorschl\u00e4ge zur Umgestaltung. Seit den 60er Jahren finden im Central Park auch regelm\u00e4\u00dfig Konzerte und Auff\u00fchrungen statt. W\u00e4hrend der 70er verfiel der Park aufgrund von Geldknappheit zunehmend und auch die Kriminalit\u00e4t stieg doch stark an, es war sogar geplant den Park zu schlie\u00dfen. Heute wird das Gel\u00e4nde durch die Central Park Conservancy instandgehalten und der Park ist ein ganz besonderes Aush\u00e4ngeschild der Stadt New York.<\/p>\n<p>Der Central Park bietet nicht nur Naturliebhabern besondere Anreize, es gibt noch weitere Sehensw\u00fcrdigkeiten zu bewundern, wie zum Beispiel:<\/p>\n<ul>\n<li><a href=\"http:\/\/www.new-york-weblog.de\/index.php\/new-york-von-a-bis-z\/belvedere-castle\/\">Belvedere Castle<\/a><\/li>\n<li><a href=\"http:\/\/www.new-york-weblog.de\/index.php\/new-york-von-a-bis-z\/bethesda-fountain-and-terrace\/\">Bethesda Fountain and Terrace<\/a><\/li>\n<li><a href=\"http:\/\/www.new-york-weblog.de\/index.php\/new-york-von-a-bis-z\/central-park-wildlife-center\/\">Central Park Wildlife Center<\/a><\/li>\n<li><a href=\"http:\/\/www.new-york-weblog.de\/index.php\/new-york-von-a-bis-z\/the-dairy\/\">The Dairy<\/a><\/li>\n<li><a href=\"http:\/\/www.new-york-weblog.de\/index.php\/new-york-von-a-bis-z\/the-ramble\/\">The Ramble<\/a><\/li>\n<li><a href=\"http:\/\/www.new-york-weblog.de\/index.php\/new-york-von-a-bis-z\/wollman-rink\/\">Wollman Rink<\/a><\/li>\n<li><a href=\"http:\/\/www.new-york-weblog.de\/index.php\/new-york-von-a-bis-z\/strawberry-fields\/\">Strawberry Fields<\/a><\/li>\n<\/ul>\n<p>Fakten zum Central Park:<\/p>\n<ul>\n<li>Gr\u00f6\u00dfe: 3,41 km\u00b2 bzw. 6 % der Fl\u00e4che Manhattans<\/li>\n<li>alle Fu\u00dfwege zusammen haben eine L\u00e4nge von 96 km<\/li>\n<li>ca. 26000 B\u00e4ume wachsen im Central Park<\/li>\n<li>es gibt \u00fcber 9000 B\u00e4nke, die aneinandergereiht eine<br \/>\nL\u00e4nge von 11 km h\u00e4tten<\/li>\n<li>es gibt 36 Br\u00fccken und 21 Spielpl\u00e4tze im Central Park<\/li>\n<li>\u00fcber 275 verschiedene Voglearten konnten bereits im Park gez\u00e4hlt werden<\/li>\n<li>25 Millionen Personen besuchen j\u00e4hrlich den Central Park<\/li>\n<\/ul>\n<p>Bilder vom Central Park:<\/p>\n<!-- default-view.php -->\n<div\n\tclass=\"ngg-galleryoverview default-view \n\t\t\"\n\tid=\"ngg-gallery-3e38872abe118fa61353bc1fbccc6af5-1\">\n\n\t\t<!-- Thumbnails -->\n\t\t\t\t<div id=\"ngg-image-0\" class=\"ngg-gallery-thumbnail-box \n\t\t\t\t\t\t\t\tngg-4-columns\t\t\t\" \n\t\t\t>\n\t\t\t\t\t\t<div class=\"ngg-gallery-thumbnail\">\n\t\t\t<a href=\"http:\/\/www.new-york-weblog.de\/wp-content\/gallery\/central-park\/P1030212.jpg\"\n\t\t\t\ttitle=\"\"\n\t\t\t\tdata-src=\"http:\/\/www.new-york-weblog.de\/wp-content\/gallery\/central-park\/P1030212.jpg\"\n\t\t\t\tdata-thumbnail=\"http:\/\/www.new-york-weblog.de\/wp-content\/gallery\/central-park\/thumbs\/thumbs_P1030212.jpg\"\n\t\t\t\tdata-image-id=\"455\"\n\t\t\t\tdata-title=\"P1030212.jpg\"\n\t\t\t\tdata-description=\"\"\n\t\t\t\tdata-image-slug=\"p1030212-jpg\"\n\t\t\t\tclass=\"shutterset_3e38872abe118fa61353bc1fbccc6af5\">\n\t\t\t\t<img\n\t\t\t\t\ttitle=\"P1030212.jpg\"\n\t\t\t\t\talt=\"P1030212.jpg\"\n\t\t\t\t\tsrc=\"http:\/\/www.new-york-weblog.de\/wp-content\/gallery\/central-park\/thumbs\/thumbs_P1030212.jpg\"\n\t\t\t\t\twidth=\"97\"\n\t\t\t\t\theight=\"75\"\n\t\t\t\t\tstyle=\"max-width:100%;\"\n\t\t\t\t\/>\n\t\t\t<\/a>\n\t\t<\/div>\n\t\t\t\t\t\t\t<\/div> \n\t\t\t\n\t\t\t\t<div id=\"ngg-image-1\" class=\"ngg-gallery-thumbnail-box \n\t\t\t\t\t\t\t\tngg-4-columns\t\t\t\" \n\t\t\t>\n\t\t\t\t\t\t<div class=\"ngg-gallery-thumbnail\">\n\t\t\t<a href=\"http:\/\/www.new-york-weblog.de\/wp-content\/gallery\/central-park\/P1030218.jpg\"\n\t\t\t\ttitle=\"\"\n\t\t\t\tdata-src=\"http:\/\/www.new-york-weblog.de\/wp-content\/gallery\/central-park\/P1030218.jpg\"\n\t\t\t\tdata-thumbnail=\"http:\/\/www.new-york-weblog.de\/wp-content\/gallery\/central-park\/thumbs\/thumbs_P1030218.jpg\"\n\t\t\t\tdata-image-id=\"456\"\n\t\t\t\tdata-title=\"P1030218.jpg\"\n\t\t\t\tdata-description=\"\"\n\t\t\t\tdata-image-slug=\"p1030218-jpg\"\n\t\t\t\tclass=\"shutterset_3e38872abe118fa61353bc1fbccc6af5\">\n\t\t\t\t<img\n\t\t\t\t\ttitle=\"P1030218.jpg\"\n\t\t\t\t\talt=\"P1030218.jpg\"\n\t\t\t\t\tsrc=\"http:\/\/www.new-york-weblog.de\/wp-content\/gallery\/central-park\/thumbs\/thumbs_P1030218.jpg\"\n\t\t\t\t\twidth=\"97\"\n\t\t\t\t\theight=\"75\"\n\t\t\t\t\tstyle=\"max-width:100%;\"\n\t\t\t\t\/>\n\t\t\t<\/a>\n\t\t<\/div>\n\t\t\t\t\t\t\t<\/div> \n\t\t\t\n\t\t\t\t<div id=\"ngg-image-2\" class=\"ngg-gallery-thumbnail-box \n\t\t\t\t\t\t\t\tngg-4-columns\t\t\t\" \n\t\t\t>\n\t\t\t\t\t\t<div class=\"ngg-gallery-thumbnail\">\n\t\t\t<a href=\"http:\/\/www.new-york-weblog.de\/wp-content\/gallery\/central-park\/P1030269.jpg\"\n\t\t\t\ttitle=\"\"\n\t\t\t\tdata-src=\"http:\/\/www.new-york-weblog.de\/wp-content\/gallery\/central-park\/P1030269.jpg\"\n\t\t\t\tdata-thumbnail=\"http:\/\/www.new-york-weblog.de\/wp-content\/gallery\/central-park\/thumbs\/thumbs_P1030269.jpg\"\n\t\t\t\tdata-image-id=\"457\"\n\t\t\t\tdata-title=\"P1030269.jpg\"\n\t\t\t\tdata-description=\"\"\n\t\t\t\tdata-image-slug=\"\"\n\t\t\t\tclass=\"shutterset_3e38872abe118fa61353bc1fbccc6af5\">\n\t\t\t\t<img\n\t\t\t\t\ttitle=\"P1030269.jpg\"\n\t\t\t\t\talt=\"P1030269.jpg\"\n\t\t\t\t\tsrc=\"http:\/\/www.new-york-weblog.de\/wp-content\/gallery\/central-park\/thumbs\/thumbs_P1030269.jpg\"\n\t\t\t\t\twidth=\"97\"\n\t\t\t\t\theight=\"75\"\n\t\t\t\t\tstyle=\"max-width:100%;\"\n\t\t\t\t\/>\n\t\t\t<\/a>\n\t\t<\/div>\n\t\t\t\t\t\t\t<\/div> \n\t\t\t\n\t\t\t\t<div id=\"ngg-image-3\" class=\"ngg-gallery-thumbnail-box \n\t\t\t\t\t\t\t\tngg-4-columns\t\t\t\" \n\t\t\t>\n\t\t\t\t\t\t<div class=\"ngg-gallery-thumbnail\">\n\t\t\t<a href=\"http:\/\/www.new-york-weblog.de\/wp-content\/gallery\/central-park\/P1030291.jpg\"\n\t\t\t\ttitle=\"\"\n\t\t\t\tdata-src=\"http:\/\/www.new-york-weblog.de\/wp-content\/gallery\/central-park\/P1030291.jpg\"\n\t\t\t\tdata-thumbnail=\"http:\/\/www.new-york-weblog.de\/wp-content\/gallery\/central-park\/thumbs\/thumbs_P1030291.jpg\"\n\t\t\t\tdata-image-id=\"458\"\n\t\t\t\tdata-title=\"P1030291.jpg\"\n\t\t\t\tdata-description=\"\"\n\t\t\t\tdata-image-slug=\"p1030291-jpg\"\n\t\t\t\tclass=\"shutterset_3e38872abe118fa61353bc1fbccc6af5\">\n\t\t\t\t<img\n\t\t\t\t\ttitle=\"P1030291.jpg\"\n\t\t\t\t\talt=\"P1030291.jpg\"\n\t\t\t\t\tsrc=\"http:\/\/www.new-york-weblog.de\/wp-content\/gallery\/central-park\/thumbs\/thumbs_P1030291.jpg\"\n\t\t\t\t\twidth=\"97\"\n\t\t\t\t\theight=\"75\"\n\t\t\t\t\tstyle=\"max-width:100%;\"\n\t\t\t\t\/>\n\t\t\t<\/a>\n\t\t<\/div>\n\t\t\t\t\t\t\t<\/div> \n\t\t\t\n\t\t\t\t<div id=\"ngg-image-4\" class=\"ngg-gallery-thumbnail-box \n\t\t\t\t\t\t\t\tngg-4-columns\t\t\t\" \n\t\t\t>\n\t\t\t\t\t\t<div class=\"ngg-gallery-thumbnail\">\n\t\t\t<a href=\"http:\/\/www.new-york-weblog.de\/wp-content\/gallery\/central-park\/P1030349.jpg\"\n\t\t\t\ttitle=\"\"\n\t\t\t\tdata-src=\"http:\/\/www.new-york-weblog.de\/wp-content\/gallery\/central-park\/P1030349.jpg\"\n\t\t\t\tdata-thumbnail=\"http:\/\/www.new-york-weblog.de\/wp-content\/gallery\/central-park\/thumbs\/thumbs_P1030349.jpg\"\n\t\t\t\tdata-image-id=\"459\"\n\t\t\t\tdata-title=\"P1030349.jpg\"\n\t\t\t\tdata-description=\"\"\n\t\t\t\tdata-image-slug=\"\"\n\t\t\t\tclass=\"shutterset_3e38872abe118fa61353bc1fbccc6af5\">\n\t\t\t\t<img\n\t\t\t\t\ttitle=\"P1030349.jpg\"\n\t\t\t\t\talt=\"P1030349.jpg\"\n\t\t\t\t\tsrc=\"http:\/\/www.new-york-weblog.de\/wp-content\/gallery\/central-park\/thumbs\/thumbs_P1030349.jpg\"\n\t\t\t\t\twidth=\"97\"\n\t\t\t\t\theight=\"75\"\n\t\t\t\t\tstyle=\"max-width:100%;\"\n\t\t\t\t\/>\n\t\t\t<\/a>\n\t\t<\/div>\n\t\t\t\t\t\t\t<\/div> \n\t\t\t\n\t\t\t\t<div id=\"ngg-image-5\" class=\"ngg-gallery-thumbnail-box \n\t\t\t\t\t\t\t\tngg-4-columns\t\t\t\" \n\t\t\t>\n\t\t\t\t\t\t<div class=\"ngg-gallery-thumbnail\">\n\t\t\t<a href=\"http:\/\/www.new-york-weblog.de\/wp-content\/gallery\/central-park\/P1030271.jpg\"\n\t\t\t\ttitle=\"\"\n\t\t\t\tdata-src=\"http:\/\/www.new-york-weblog.de\/wp-content\/gallery\/central-park\/P1030271.jpg\"\n\t\t\t\tdata-thumbnail=\"http:\/\/www.new-york-weblog.de\/wp-content\/gallery\/central-park\/thumbs\/thumbs_P1030271.jpg\"\n\t\t\t\tdata-image-id=\"462\"\n\t\t\t\tdata-title=\"P1030271.jpg\"\n\t\t\t\tdata-description=\"\"\n\t\t\t\tdata-image-slug=\"\"\n\t\t\t\tclass=\"shutterset_3e38872abe118fa61353bc1fbccc6af5\">\n\t\t\t\t<img\n\t\t\t\t\ttitle=\"P1030271.jpg\"\n\t\t\t\t\talt=\"P1030271.jpg\"\n\t\t\t\t\tsrc=\"http:\/\/www.new-york-weblog.de\/wp-content\/gallery\/central-park\/thumbs\/thumbs_P1030271.jpg\"\n\t\t\t\t\twidth=\"100\"\n\t\t\t\t\theight=\"75\"\n\t\t\t\t\tstyle=\"max-width:100%;\"\n\t\t\t\t\/>\n\t\t\t<\/a>\n\t\t<\/div>\n\t\t\t\t\t\t\t<\/div> \n\t\t\t\n\t\t\t\t<div id=\"ngg-image-6\" class=\"ngg-gallery-thumbnail-box \n\t\t\t\t\t\t\t\tngg-4-columns\t\t\t\" \n\t\t\t>\n\t\t\t\t\t\t<div class=\"ngg-gallery-thumbnail\">\n\t\t\t<a href=\"http:\/\/www.new-york-weblog.de\/wp-content\/gallery\/central-park\/P1030297.jpg\"\n\t\t\t\ttitle=\"\"\n\t\t\t\tdata-src=\"http:\/\/www.new-york-weblog.de\/wp-content\/gallery\/central-park\/P1030297.jpg\"\n\t\t\t\tdata-thumbnail=\"http:\/\/www.new-york-weblog.de\/wp-content\/gallery\/central-park\/thumbs\/thumbs_P1030297.jpg\"\n\t\t\t\tdata-image-id=\"463\"\n\t\t\t\tdata-title=\"P1030297.jpg\"\n\t\t\t\tdata-description=\"\"\n\t\t\t\tdata-image-slug=\"\"\n\t\t\t\tclass=\"shutterset_3e38872abe118fa61353bc1fbccc6af5\">\n\t\t\t\t<img\n\t\t\t\t\ttitle=\"P1030297.jpg\"\n\t\t\t\t\talt=\"P1030297.jpg\"\n\t\t\t\t\tsrc=\"http:\/\/www.new-york-weblog.de\/wp-content\/gallery\/central-park\/thumbs\/thumbs_P1030297.jpg\"\n\t\t\t\t\twidth=\"100\"\n\t\t\t\t\theight=\"75\"\n\t\t\t\t\tstyle=\"max-width:100%;\"\n\t\t\t\t\/>\n\t\t\t<\/a>\n\t\t<\/div>\n\t\t\t\t\t\t\t<\/div> \n\t\t\t\n\t\n\t<br style=\"clear: both\" \/>\n\n\t\n\t\t<!-- Pagination -->\n\t\t<div class='ngg-clear'><\/div>\t<\/div>\n\n","protected":false},"excerpt":{"rendered":"<p>Der Central Park wird h\u00e4ufig auch als \u201egr\u00fcne Lunge\u201c New Yorks bezeichnet und ist Anziehungspunkt f\u00fcr alle erholungssuchenden Einwohner und Besucher New Yorks. Um das Jahr 1850 herum entstand in New York eine Diskussion um den Aufbau eines Naherholungsgebietes, vergleichbar mit den \u00f6ffentlichen Gel\u00e4nden der europ\u00e4ischen Metropolen Paris und Londons. Damit sollte der internationale Ruf [&hellip;]<\/p>\n","protected":false},"author":2,"featured_media":0,"parent":1133,"menu_order":0,"comment_status":"open","ping_status":"open","template":"a-z-seite.php","meta":{"ngg_post_thumbnail":0,"footnotes":""},"class_list":["post-1264","page","type-page","status-publish","hentry"],"aioseo_notices":[],"_links":{"self":[{"href":"http:\/\/www.new-york-weblog.de\/index.php\/wp-json\/wp\/v2\/pages\/1264","targetHints":{"allow":["GET"]}}],"collection":[{"href":"http:\/\/www.new-york-weblog.de\/index.php\/wp-json\/wp\/v2\/pages"}],"about":[{"href":"http:\/\/www.new-york-weblog.de\/index.php\/wp-json\/wp\/v2\/types\/page"}],"author":[{"embeddable":true,"href":"http:\/\/www.new-york-weblog.de\/index.php\/wp-json\/wp\/v2\/users\/2"}],"replies":[{"embeddable":true,"href":"http:\/\/www.new-york-weblog.de\/index.php\/wp-json\/wp\/v2\/comments?post=1264"}],"version-history":[{"count":21,"href":"http:\/\/www.new-york-weblog.de\/index.php\/wp-json\/wp\/v2\/pages\/1264\/revisions"}],"predecessor-version":[{"id":1287,"href":"http:\/\/www.new-york-weblog.de\/index.php\/wp-json\/wp\/v2\/pages\/1264\/revisions\/1287"}],"up":[{"embeddable":true,"href":"http:\/\/www.new-york-weblog.de\/index.php\/wp-json\/wp\/v2\/pages\/1133"}],"wp:attachment":[{"href":"http:\/\/www.new-york-weblog.de\/index.php\/wp-json\/wp\/v2\/media?parent=1264"}],"curies":[{"name":"wp","href":"https:\/\/api.w.org\/{rel}","templated":true}]}}