{"id":1271,"date":"2009-04-16T16:23:33","date_gmt":"2009-04-16T14:23:33","guid":{"rendered":"http:\/\/www.new-york-weblog.de\/?page_id=1271"},"modified":"2009-04-28T16:08:26","modified_gmt":"2009-04-28T14:08:26","slug":"central-park-wildlife-center","status":"publish","type":"page","link":"http:\/\/www.new-york-weblog.de\/index.php\/new-york-von-a-bis-z\/central-park-wildlife-center\/","title":{"rendered":"Central Park Wildlife Center"},"content":{"rendered":"<div style=\"width: 160px; float:right; padding:5px 0px 2px 10px;\">\n<a href=\"http:\/\/www.flickr.com\/photos\/23912576@N05\/2987555976\/\"><img decoding=\"async\" src=\"http:\/\/www.new-york-weblog.de\/images\/a-z\/central-park-zoo.jpg\"><\/a><br \/>\n<span style=\"float:right;font-size: 8px;\"><a href=\"http:\/\/www.flickr.com\/photos\/23912576@N05\/\">Bild von laverrue<\/a><\/span>\n<\/div>\n<p>Der Central Park Zoo hat seine Urspr\u00fcnge schon im 19. Jahrhundert als viele New Yorker ihre unerw\u00fcnschten Tiere dort abgaben. 1864 wurden einige Geb\u00e4ude gebaut, die die Tiere beheimateten, 1934 entstand schlie\u00dflich ein richtiger Zoo, der die Menschen dazu einludt die Tiere zu beobachten. Mit der Zeit waren die gegebenen Bedingungen jedoch nicht mehr ausreichend, um all den Tieren genug Platz zu bieten und so wurde der Zoo Anfang der 80er Jahre komplett renoviert. Nach der Wiederer\u00f6ffnung ist der Zoo beispielhaft f\u00fcr die fantasievolle und tiergerechte Nutzung des knappen Raums.\u00dcber 130 Tierarten verteilen sich auf 3 Zonen: der tropische Regenwald mit Affen und freifliegenden V\u00f6geln, der Polarkreis mit seinen Pinguinen und seinen weltbekannten Eisb\u00e4ren, sowie die kalifornische K\u00fcste. Im Kinderzoo k\u00f6nnen die j\u00fcngeren Besucher Ziegen, Schafe, K\u00fche und Schweine aus der N\u00e4he erleben.<\/p>\n","protected":false},"excerpt":{"rendered":"<p>Bild von laverrue Der Central Park Zoo hat seine Urspr\u00fcnge schon im 19. Jahrhundert als viele New Yorker ihre unerw\u00fcnschten Tiere dort abgaben. 1864 wurden einige Geb\u00e4ude gebaut, die die Tiere beheimateten, 1934 entstand schlie\u00dflich ein richtiger Zoo, der die Menschen dazu einludt die Tiere zu beobachten. Mit der Zeit waren die gegebenen Bedingungen jedoch [&hellip;]<\/p>\n","protected":false},"author":2,"featured_media":0,"parent":1133,"menu_order":0,"comment_status":"open","ping_status":"open","template":"a-z-seite.php","meta":{"ngg_post_thumbnail":0,"footnotes":""},"class_list":["post-1271","page","type-page","status-publish","hentry"],"aioseo_notices":[],"_links":{"self":[{"href":"http:\/\/www.new-york-weblog.de\/index.php\/wp-json\/wp\/v2\/pages\/1271","targetHints":{"allow":["GET"]}}],"collection":[{"href":"http:\/\/www.new-york-weblog.de\/index.php\/wp-json\/wp\/v2\/pages"}],"about":[{"href":"http:\/\/www.new-york-weblog.de\/index.php\/wp-json\/wp\/v2\/types\/page"}],"author":[{"embeddable":true,"href":"http:\/\/www.new-york-weblog.de\/index.php\/wp-json\/wp\/v2\/users\/2"}],"replies":[{"embeddable":true,"href":"http:\/\/www.new-york-weblog.de\/index.php\/wp-json\/wp\/v2\/comments?post=1271"}],"version-history":[{"count":14,"href":"http:\/\/www.new-york-weblog.de\/index.php\/wp-json\/wp\/v2\/pages\/1271\/revisions"}],"predecessor-version":[{"id":1329,"href":"http:\/\/www.new-york-weblog.de\/index.php\/wp-json\/wp\/v2\/pages\/1271\/revisions\/1329"}],"up":[{"embeddable":true,"href":"http:\/\/www.new-york-weblog.de\/index.php\/wp-json\/wp\/v2\/pages\/1133"}],"wp:attachment":[{"href":"http:\/\/www.new-york-weblog.de\/index.php\/wp-json\/wp\/v2\/media?parent=1271"}],"curies":[{"name":"wp","href":"https:\/\/api.w.org\/{rel}","templated":true}]}}