{"id":1724,"date":"2010-02-05T13:28:15","date_gmt":"2010-02-05T11:28:15","guid":{"rendered":"http:\/\/www.new-york-weblog.de\/?page_id=1724"},"modified":"2010-05-10T04:33:18","modified_gmt":"2010-05-10T02:33:18","slug":"top-of-the-rock-aussichtsplattform","status":"publish","type":"page","link":"http:\/\/www.new-york-weblog.de\/index.php\/new-york-von-a-bis-z\/top-of-the-rock-aussichtsplattform\/","title":{"rendered":"Top of the Rock Aussichtsplattform"},"content":{"rendered":"<p>\t<div class=\"ngg-gallery-singlepic-image ngg-right\" style=\"max-width: 179px\">\n\t\t\t\t<a href=\"http:\/\/www.new-york-weblog.de\/wp-content\/gallery\/top-of-the-rocks\/top-of-the-rocks-bilder01.jpg\"\n\t\t\ttitle=\"\"\n\t\t\tdata-src=\"http:\/\/www.new-york-weblog.de\/wp-content\/gallery\/top-of-the-rocks\/top-of-the-rocks-bilder01.jpg\"\n\t\t\tdata-thumbnail=\"http:\/\/www.new-york-weblog.de\/wp-content\/gallery\/top-of-the-rocks\/thumbs\/thumbs_top-of-the-rocks-bilder01.jpg\"\n\t\t\tdata-image-id=\"11\"\n\t\t\tdata-title=\"top-of-the-rocks-bilder01.jpg\"\n\t\t\tdata-description=\"\"\n\t\t\ttarget='_self'\n\t\t\tclass=\"shutterset_00b06536334701ac0d48ebd8495e1091\">\n\t\t\t<img class=\"ngg-singlepic\"\n\t\t\t\tsrc=\"http:\/\/www.new-york-weblog.de\/wp-content\/gallery\/top-of-the-rocks\/cache\/top-of-the-rocks-bilder01.jpg-nggid0211-ngg0dyn-180x106x100-00f0w010c010r110f110r010t010.jpg\"\n\t\t\t\talt=\"top-of-the-rocks-bilder01.jpg\"\n\t\t\t\ttitle=\"top-of-the-rocks-bilder01.jpg\"\n\t\t\t\t\t\t\t\t\twidth=\"179\" \t\t\t\t\t\t\t\/>\n\t\t<\/a>\n\t\t\t<\/div>\n\t\tEine besondere Attraktion des Rockefeller Centers ist sicherlich das Top of the Rock. Die Aussichtsplattform im 70. Stock des GE Buildings ist ein beliebtes Ziel f\u00fcr alle Touristen in New York.<br \/>\nVon dort hat man einen herrlichen Blick \u00fcber ganz New York und besonders den Central Park. Das Top of the Rock eignet sich besonders gut, um tolle Fotos von der Stadt zu schiessen, da man von dort auch das Empire State Building im Bild hat.Das Observation Deck erstreckt sich eigentlich \u00fcber 3 Stockwerke (67., 69. und 70. Stock), um Fotos zu machen eignet sich jedoch besonders das oberste Deck, da man von dort einen uneingeschr\u00e4nkten Blick auf die Stadt hat, w\u00e4hrend die anderen Stockwerke geschlossene R\u00e4ume mit gro\u00dfen Panoramafenstern sind. Offiziell ist es nicht erlaubt Stative auf dem Top of the Rock zu benutzen, kleine Stative sind gew\u00f6hnlich allerdings kein Problem.<\/p>\n<p><a href=\"http:\/\/www.dpbolvw.net\/hr79lnwtnvAECEICBGACBGHCBKB?url=http%3A%2F%2Fwww.trustedtours.com%2Fstore%2FTop-of-the-Rock-Observation-Deck-at-Rockefeller-Center-C386.aspx\" target=\"_blank\" onmouseover=\"window.status='http:\/\/www.trustedtours.com';return true;\" onmouseout=\"window.status=' ';return true;\"><img decoding=\"async\" style=\"border: 1px solid black;\" src=\"http:\/\/www.new-york-weblog.de\/images\/ad-links\/banner-totr.jpg\" alt=\"Tickets f\u00fcr Top of the Rock Aussichtsplattform kaufen\" \/><\/a><img loading=\"lazy\" decoding=\"async\" src=\"http:\/\/www.awltovhc.com\/lb77drvjpn8CACGA9E8A9EFA9I9\" width=\"1\" height=\"1\" border=\"0\"\/><\/p>\n<p><a href=\"http:\/\/www.partner.viator.com\/en\/7233\/tours\/New-York-City\/Top-of-the-Rock-Observation-Deck-New-York\/d687-3784TOPROCK\">\t<div class=\"ngg-gallery-singlepic-image ngg-left\" style=\"max-width: 179px\">\n\t\t\t\t<a href=\"http:\/\/www.new-york-weblog.de\/wp-content\/gallery\/top-of-the-rocks\/top-of-the-rocks-bilder45.jpg\"\n\t\t\ttitle=\"\"\n\t\t\tdata-src=\"http:\/\/www.new-york-weblog.de\/wp-content\/gallery\/top-of-the-rocks\/top-of-the-rocks-bilder45.jpg\"\n\t\t\tdata-thumbnail=\"http:\/\/www.new-york-weblog.de\/wp-content\/gallery\/top-of-the-rocks\/thumbs\/thumbs_top-of-the-rocks-bilder45.jpg\"\n\t\t\tdata-image-id=\"310\"\n\t\t\tdata-title=\"top-of-the-rocks-bilder45.jpg\"\n\t\t\tdata-description=\"\"\n\t\t\ttarget='_self'\n\t\t\tclass=\"shutterset_22613dd05a50e59ef088df63667c06be\">\n\t\t\t<img class=\"ngg-singlepic\"\n\t\t\t\tsrc=\"http:\/\/www.new-york-weblog.de\/wp-content\/gallery\/top-of-the-rocks\/cache\/top-of-the-rocks-bilder45.jpg-nggid03310-ngg0dyn-180x106x100-00f0w010c010r110f110r010t010.jpg\"\n\t\t\t\talt=\"top-of-the-rocks-bilder45.jpg\"\n\t\t\t\ttitle=\"top-of-the-rocks-bilder45.jpg\"\n\t\t\t\t\t\t\t\t\twidth=\"179\" \t\t\t\t\t\t\t\/>\n\t\t<\/a>\n\t\t\t<\/div>\n\t\tDas Top of the Rock wurde 1936 er\u00f6ffnet und 1986 aufgrund der Expansion des Rainbow Rooms geschlossen. 2005 wurde die Aussichtsplattform, welche sich in einer H\u00f6he von 260 Metern befindet, wieder f\u00fcr Besucher ge\u00f6ffnet.<br \/>\nDer Haupteingang befindet sich in der 50th Street zwischen der 5th und 6th Avenue und es gibt keine Zeitbeschr\u00e4nkung wie lange man sich auf der Aussichtsplattform aufhalten darf. Der Vorteil des Top of the Rock gegen\u00fcber der Aussichtsplattform des Empire State Building ist die normalerweise relativ kurze Wartezeit. W\u00e4hrend man im Empire State Building gerne mal l\u00e4nger in der Warteschlange steht, ist man beim Top of the Rock meist innerhalb weniger Minuten auf der Aussichtsplattform.<br \/>\nIch habe die Tickets f\u00fcr das Top of the Rock bereits vor meiner Reise \u00fcber das Internet gekauft und habe so noch einmal einige Minuten gespart.<\/p>\n<p>Fakten zum Top of the Rock:<br \/>\n\u00d6ffnungszeiten: 8:00- 24:00 Uhr<br \/>\nOffizielle Webseite: <a href=\"http:\/\/www.topoftherocknyc.com\">www.topoftherocknyc.com<\/a><br \/>\n<a href=\"http:\/\/www.new-york-weblog.de\/index.php\/fotoalbum\/bilder-vom-top-of-the-rocks\/\">Bilder vom Top of the Rock<\/a><br \/>\n<a href=\"http:\/\/www.jdoqocy.com\/nf101biroiq5979D76B576BC76F6?url=http%3A%2F%2Fwww.trustedtours.com%2Fstore%2FTop-of-the-Rock-Observation-Deck-at-Rockefeller-Center-C386.aspx\" target=\"_blank\" onmouseover=\"window.status='http:\/\/www.trustedtours.com';return true;\" onmouseout=\"window.status=' ';return true;\">Tickets f\u00fcr die Aussichtsplattform Top of the Rock kaufen<\/a><img loading=\"lazy\" decoding=\"async\" src=\"http:\/\/www.lduhtrp.net\/2666r6Az42OSQSWQPUOQPUVQPYP\" width=\"1\" height=\"1\" border=\"0\"\/><\/a><\/p>\n","protected":false},"excerpt":{"rendered":"<p>Eine besondere Attraktion des Rockefeller Centers ist sicherlich das Top of the Rock. Die Aussichtsplattform im 70. Stock des GE Buildings ist ein beliebtes Ziel f\u00fcr alle Touristen in New York. Von dort hat man einen herrlichen Blick \u00fcber ganz New York und besonders den Central Park. Das Top of the Rock eignet sich besonders [&hellip;]<\/p>\n","protected":false},"author":2,"featured_media":0,"parent":1133,"menu_order":0,"comment_status":"open","ping_status":"open","template":"a-z-seite.php","meta":{"ngg_post_thumbnail":0,"footnotes":""},"class_list":["post-1724","page","type-page","status-publish","hentry"],"aioseo_notices":[],"_links":{"self":[{"href":"http:\/\/www.new-york-weblog.de\/index.php\/wp-json\/wp\/v2\/pages\/1724","targetHints":{"allow":["GET"]}}],"collection":[{"href":"http:\/\/www.new-york-weblog.de\/index.php\/wp-json\/wp\/v2\/pages"}],"about":[{"href":"http:\/\/www.new-york-weblog.de\/index.php\/wp-json\/wp\/v2\/types\/page"}],"author":[{"embeddable":true,"href":"http:\/\/www.new-york-weblog.de\/index.php\/wp-json\/wp\/v2\/users\/2"}],"replies":[{"embeddable":true,"href":"http:\/\/www.new-york-weblog.de\/index.php\/wp-json\/wp\/v2\/comments?post=1724"}],"version-history":[{"count":24,"href":"http:\/\/www.new-york-weblog.de\/index.php\/wp-json\/wp\/v2\/pages\/1724\/revisions"}],"predecessor-version":[{"id":1730,"href":"http:\/\/www.new-york-weblog.de\/index.php\/wp-json\/wp\/v2\/pages\/1724\/revisions\/1730"}],"up":[{"embeddable":true,"href":"http:\/\/www.new-york-weblog.de\/index.php\/wp-json\/wp\/v2\/pages\/1133"}],"wp:attachment":[{"href":"http:\/\/www.new-york-weblog.de\/index.php\/wp-json\/wp\/v2\/media?parent=1724"}],"curies":[{"name":"wp","href":"https:\/\/api.w.org\/{rel}","templated":true}]}}